 (-2 - 8 - -7) + 1?
-2
Evaluate 3 - 9 - ((-2 - 2) + 2).
-4
1 + -1 + (8 - 4) + -1
3
(1 - -4) + -3 + -1
1
Evaluate 3 + 10 + -18 + 8 + 0.
3
What is the value of -79 + 71 + (2 - -9)?
3
What is -3 - 1 - (-12 + 9)?
-1
Evaluate -38 + 30 - (3 + -9).
-2
What is 3 - (3 + 0 - 3 - 4)?
7
What is -9 + 6 + 12 + -10?
-1
Evaluate -1 + 0 + -5 - (-83 + 73).
4
0 + 1 + (-2 - (2 - 4))
1
-6 + (5 - 8) - -3
-6
11 + (-8 - -4 - 13)
-6
Calculate 7 + -3 + 1 + (18 - 19).
4
What is the value of 11 + -7 - (-1 + 8)?
-3
Calculate -26 + 21 + 1 + (1 - -3).
0
Calculate -2 - (3 + (-1 + 4 - 7)).
-1
Calculate 9 + -25 + -6 + 20.
-2
Evaluate 0 + 4 - (19 - 15).
0
What is the value of (0 - -8) + -15 - 4?
-11
What is -5 + 5 + -7 + 2?
-5
What is 5 + 1 + -3 + -1?
2
What is the value of 4 - 1 - (-7 + 3 + 6)?
1
-9 - (1 + 2 + -7)
-5
Evaluate 0 + 0 + 2 + (-8 - -4).
-2
0 + (0 - 0) - (-12 - -12)
0
Evaluate -2 - -4 - (21 + -22).
3
Evaluate 46 + -36 - (-1 + 8).
3
What is 1 + 1 + -54 + 52?
0
Evaluate -5 + (0 - (-4 - -1)).
-2
Evaluate 5 - (15 + 4 + -13).
-1
Calculate -5 + 14 - (-4 - -13).
0
Calculate 10 + -13 + (0 - 3).
-6
(-2 - (2 + -2)) + (6 - 4)
0
What is -2 - 2 - (0 + 6 - 6)?
-4
What is the value of (5 - 2 - 2 - 3) + 0?
-2
0 + -4 - (2 + -5 - -4)
-5
Evaluate 15 + -18 + 8 + 2.
7
What is 1 - (5 + -2 + 0)?
-2
Calculate 0 - (1 - (-6 - -12)).
5
What is the value of (-3 - -7 - 0) + -7?
-3
Calculate (-7 - 2) + 2 - -4.
-3
What is 0 + -6 + (5 + -10 - -12)?
1
Evaluate -2 + (-7 - 2 - (6 - 14)).
-3
What is 13 - (-12 - -18 - -13)?
-6
Calculate -2 + -1 + (3 - -3 - 0).
3
Calculate 7 + -5 - 3 - 5.
-6
What is 3 - (-4 + 4) - (0 + 0)?
3
What is the value of (-1 - 3) + 8 + -16 - -6?
-6
Evaluate 10 + -3 + -1 + (-4 - -3).
5
3 + -6 + (6 - 5) + -3
-5
What is the value of 4 + 3 + (-6 - -4 - 3)?
2
5 - (-3 + 12 + 3)
-7
-2 - (8 - (7 - -6))
3
Evaluate -4 + (1 - 0 - 2) + 4.
-1
Calculate 0 - (4 - (-2 + 4 + -3)).
-5
What is the value of -3 + 0 - (2 + -9)?
4
What is 1 - -3 - (-7 + 1 + 8)?
2
0 + -12 - (103 - 111)
-4
Evaluate (-2 - (-2 - -2)) + 4 - 4.
-2
Calculate 1 + (7 + 4 - (4 + 3)).
5
Evaluate (1 - -2) + (2 - -3) + -8.
0
3 + (-8 - ((2 - 4) + -2))
-1
What is the value of (4 - 5 - -5) + -1?
3
Calculate (27 - 31) + (-1 - -4).
-1
What is 1 - (5 + -4) - (-5 + 4)?
1
What is 0 + 1 + (0 - (-7 + 4))?
4
Calculate 11 + 10 + -21 - -10.
10
What is 1 - (7 + 1 + -5)?
-2
What is the value of 5 + -14 + 3 + 11?
5
What is 0 + -2 - (4 + -7 - 1)?
2
What is the value of 9 + (0 + -1 - (1 - 4))?
11
What is -7 + (3 - -2) - 0 - -5?
3
What is the value of 5 - 8 - -3 - -2?
2
Evaluate 4 + (0 - (-3 - (7 + -7))).
7
What is -2 + 7 + 2 - (69 + -56)?
-6
What is the value of (1 - -3) + (1 - 0)?
5
What is -2 + (2 - (9 + -7)) + 5?
3
What is the value of 3 + (-7 - -11) - 10?
-3
Evaluate -4 + (-4 - (6 - 21)).
7
Evaluate (2 + -7 - -9) + -12.
-8
Calculate (0 - -1) + -29 + 29.
1
-10 - -8 - (1 + 1 - 2)
-2
Calculate -1 + (3 - 8) + 3.
-3
What is -1 - (-1 - 0) - (32 - 29)?
-3
(8 - ((5 - 5) + 2)) + -1
5
Evaluate (-10 - -4 - -1) + -2.
-7
3 + (3 - 11 - (1 + -1))
-5
What is the value of (2 - -2) + (0 - -1) - 1?
4
Calculate -19 - -28 - (14 - 4).
-1
Calculate 5 - (-3 - (-3 + -4 + 0)).
1
Evaluate -6 + (8 - 1) - (1 - -2).
-2
What is the value of -3 - -6 - 6 - (-4 - 0)?
1
What is the value of 2 - (10 + -6 - -3)?
-5
Calculate -4 + 8 + 3 - -4 - 6.
5
What is -8 - (-11 + -1 + -4)?
8
Evaluate 5 + (-1 - -2 - (23 - 11)).
-6
Calculate -5 + 0 + (-12 - -22).
5
What is -6 + -4 + 7 + 1 + -3?
-5
0 + (-63 + 64 - (-1 - 3))
5
Calculate -1 + -5 + 2 - (0 - 1).
-3
(-36 - -37) + (3 - 3 - 1)
0
Evaluate -103 - -97 - (0 + 4).
-10
What is the value of -4 + 2 + 1 + 5 + 1?
5
-5 - -3 - (-1 - 0)
-1
Calculate -2 + (12 - (-5 + 10)).
5
What is (7 - (3 + 1)) + -1 + -3?
-1
Calculate (-6 - -5) + 9 - 5.
3
What is the value of 4 + 1 - (1 - -9)?
-5
What is the value of -10 - -10 - (-3 - 1)?
4
Calculate 4 + 4 + -4 + -1.
3
What is (-1 - (-1 + 8)) + 2 + -1?
-7
What is 13 + -6 - 2 - (-3 + 7)?
1
-12 + (1 - (4 + -8)) + 2
-5
Evaluate 2 - (-3 + 2 + -1).
4
Calculate -5 + -3 + 12 + 0.
4
What is 12 + -9 + -6 - (-1 + -1)?
-1
Evaluate -4 + -6 + 14 + 1.
5
-2 + 3 + 3 + -2 + 0
2
What is the value of 0 - (4 + (-2 - -1) + 1)?
-4
What is 5 + (8 + -3 - 1) + -5?
4
-7 + 0 + 1 + 2
-4
What is 15 - (8 + 15) - (2 - 14)?
4
7 + 6 + -9 + -19 + 7
-8
-4 - (-9 - (-9 - 1))
-5
Evaluate 1 - -1 - (38 - 40).
4
Calculate 7 + -1 + -3 - (7 + 1).
-5
What is 26 - 22 - (1 + 10)?
-7
What is the value of (-13 - -21) + -7 + -9?
-8
What is (14 - -2 - 3) + -11?
2
Evaluate 40 + -41 - (1 + 1 + -3).
0
What is the value of -2 + (8 + -2 + -2 - -1)?
3
Calculate -20 - -16 - (1 - 2) - -4.
1
What is (5 - (5 + -2)) + -6?
-4
Evaluate (-8 - -30 - 16) + -1 + -3.
2
What is the value of 3 + (-8 - 2) + -3?
-10
Calculate -2 + 3 + (1 - 2) + -5.
-5
Calculate -5 - (0 + 2 + -3).
-4
What is the value of 7 + 5 + -19 + 5?
-2
(-1 - 0) + (104 - 99)
4
What is 4 - ((-11 - -4) + 7)?
4
0 + -1 + (0 - 6 - -13)
6
What is the value of 7 + (0 - (3 + -4 + 5))?
3
(-3 - -7 - 10) + 2
-4
What is (-5 - -8) + -1 + (1 - 2)?
1
What is (14 - (2 + 4)) + 2?
10
Evaluate 2 + 2 - (-123 + 126).
1
What is the value of -7 - (1 + 0 - (-43 - -45))?
-6
0 + -8 + 5 - -7
4
What is 14 - (19 - 10) - (-3 - 1)?
9
Calculate -3 - 2 - ((-3 - -4) + 1).
-7
Evaluate 2 - 1 - (4 + 1).
-4
9 + -6 + -1 - 6
-4
What is -2 + 2 - (-6 - -5) - 6?
-5
What is 1 + -3 - (-5 - -1)?
2
1 - (4 + 4 + -12 - -3)
2
1 + -1 + (-8 - -12 - 8)
-4
What is -1 + (-2 - -10) - (77 + -64)?
-6
What is the value of 14 - 17 - (3 + 0) - -6?
0
What is 5 + -1 + (1 - 8) + 1?
-2
What is (-197 - -205) + 1 + -12?
-3
What is the value of 13 + (-2 - (-8 - -13))?
6
What is the value of -21 - -15 - (0 + 1)?
-7
Evaluate 17 + -12 - (-2 - -7) - 0.
0
What is 14 + -31 + 8 - -13?
4
Calculate -14 - -20 - (9 + 3).
-6
What is -5 + (-4 - -7) - -7?
5
Calculate -14 - -5 - -9 - 2.
-2
Evaluate -4 - (0 + (3 - 3)).
-4
Evaluate -2 + -3 - (1 - (-2 + 5)).
-3
12 - (8 + -1) - (6 + 0)
-1
(-5 - 0) + 0 + 11
6
Evaluate (-5 - 1) + 6 + -11 + 11.
0
What is the value of 3 + (-3 - 0) + (2 - -4)?
6
What is the value of 0 - (4 - (5 + (5 - 2)))?
4
Evaluate -1 + 1 - 3 - (-18 + 15).
0
What is (-5 - -9) + (-13 - -1)?
-8
What is -4 - (2 + -4) - (2 - 0)?
-4
What is 2 + (0 - 3) + 3?
2
Evaluate 9 + (-4 - -4) + -3.
6
-2 + 13 - ((12 - 4) + -4)
7
-2 - -5 - (3 - 2)
2
5 + (2 - 3) + -5
-1
Evaluate 1 - (1 - (-8 + 1 + 4)).
-3
Evaluate -9 - ((4 - 3) + -5).
-5
Evaluate 68 - 75 - (1 + -10).
2
5 - 15 - (-1 + -10)
1
Calculate 11 - (13 - (-11 - -14)).
1
Calculate (2 - -9) + -6 + (-1 - -3).
7
What is the value of 9 + (-1 - 0) + -2 + -3?
3
Evaluate 0 + 5 - 3 - (4 - 0).
-2
0 + (-5 - (5 - 7))
-3
Calculate 1 - 0 - (14 + -10).
-3
-103 + 107 + (-1 - 8)
-5
Evaluate -1 + (-2 - (-3 - (-1 - -1))).
0
What is the value of -5 + (-8 - -9) - 1?
-5
What is the value of -4 + 2 + -1 + (-1 - -4)?
0
Evaluate 6 + -6 - (-3 + (0 - 0)).
3
What is the value of 8 + (2 - -4) - 7 - 2?
5
What is the value of -2 + ((3 - 0) + -1 - 1)?
-1
What is the value of (2 - -4) + -7 - 2 - -8?
5
8 + -5 + (1 - -1)
5
Evaluate 5 - ((0 - -6) + -3 - 2).
4
(4 - 2) + 2 + -8
-4
What is 4 + -2 + 5 - 2?
5
Evaluate -3 - (-3 - -4 - (-3 - -3)).
-4
What is 9 - 4 - ((3 - 7) + 7)?
2
What is the value of -1 - (8 - (1 + (8 - 6)))?
-6
What is 1 - -7 - (-172 + 185)?
-5
What is the value of (-4 - (-7 + 4)) + 4 - 4?
-1
Calculate 1 + -2 + -1 - (7 - 6).
-3
(-1 - 2) + 2 + (3 - -4)
6
What is 3 - (0 + 4 + -3 + 5)?
-3
Evaluate (-14 - -9) + -11 - -7.
-9
What is -8 - (-11 + 4 - -3)?
-4
Evaluate -2 - 0 - -4 - 0.
2
What is 0 + ((1 - 4) + 4 - -1)?
2
Calculate -5 + (2 - -11) + -7.
1
Evaluate -5 - (-16 + 9 + -2).
4
0 - -2 - (18 - 19)
3
Calculate 8 + 6 + (-12 - 5) - -6.
3
What is the value of -11 + (4 - (1 - 5)) - 0?
-3
(-10 + -3 - -5) + 4
-4
-7 + 8 + -1 + 6
6
What is 11 + -1 + 12 + (-2 - 16)?
4
Calculate -7 - (3 + -7) - -4.
1
Calculate 2 + -9 - (-11 + (-9 - -17)).
-4
Calculate -3 + (4 - 11) + 5.
-5
What is -1 - -8 - (24 + -5 + -2)?
-10
What is 0 - 0 - (-2 + -23 + 20)?
5
Evaluate 2 + -10 + -1 + 9.
0
0 + -1 + (-1 - -8) - -3
9
Calculate -57 + 54 - (-1 + -1 - -7).
-8
Calculate (0 - (6 + -2)) + 0 + -1.
-5
What is the value of (-6 - 1) + (-5 - (-6 + -1))?
-5
Calculate (-10 - 1) + (-27 - -29).
-9
What is the value of -9 + (-2 - -20 - 7)?
2
What is the value of -210 + 196 - (-8 - -1)?
-7
Calculate 19 + 7 + -20 +